Calculate the remainder when 26 + -1 + b + 1 is divided by 9.
7
Suppose 3*i = 34 + 14. What is the remainder when 28 is divided by i?
12
Suppose 4*r = 4*a + 8, 0*a - 5*a - r + 20 = 0. Calculate the remainder when a is divided by 1.
0
Let f(o) = -9 + 2 - o**2 + 0*o**2 - 12*o. Let t be f(-8). Suppose 4*m - t = 11. Calculate the remainder when 17 is divided by m.
8
Suppose 3 = -y + 5. Let i(u) = u + 7. Let t be i(-5). Suppose 0 = -5*c + l + y*l + 162, 112 = 4*c + t*l. What is the remainder when c is divided by 16?
14
Suppose 3*o = z + 9, -5*z - 7*o = -3*o - 50. Calculate the remainder when 17 is divided by z.
5
Let d be 2/5 + 32/(-5). Let t(l) = -l + 3. Let j be t(d). Suppose -3*x = -60 + j. What is the remainder when 33 is divided by x?
16
Let u(s) = -s**2 - 9*s + 5. Suppose -2 - 22 = 3*f. What is the remainder when 50 is divided by u(f)?
11
Let s = -78 + 115. Calculate the remainder when 72 is divided by s.
35
Calculate the remainder when 19 is divided by (-8)/2 + 22/2.
5
Suppose -18 = w - 105. What is the remainder when w is divided by 44?
43
What is the remainder when 37 is divided by 2/1*(-2 - -9)?
9
Suppose 0 = -2*u + 6*u - 256. What is the remainder when u is divided by 17?
13
Let r(f) = 11*f + 16. What is the remainder when r(3) is divided by 18?
13
Let i be (1/1)/(1/61). Let n = i - 89. Let u = n - -48. What is the remainder when u is divided by 11?
9
Suppose 4*i = 2*m - 14, 0 = 4*i - 7*i - 3. Suppose -5*r = -2*r - 9. Calculate the remainder when m is divided by r.
2
Let m(x) = 5*x**2 + x - 2. Calculate the remainder when 15 is divided by m(1).
3
Let g be 57*(-2 + (-5)/(-3)). Let d = 66 - g. Calculate the remainder when d is divided by 29.
27
Suppose 3*l + 4*x + 12 = 4*l, -4*l + 48 = x. Suppose 66 = -2*p - 5*g, -5*p = -0*p + 3*g + 165. Let y = 2 - p. Calculate the remainder when y is divided by l.
11
Let w be (-1)/(0 - -1) + 13. Suppose -v = -0*v - w. What is the remainder when 47 is divided by v?
11
Suppose 5*v = -t - 0*v, v = -5*t. Let z = t - -3. Suppose -3*j + 36 = 4*n - 20, -12 = -z*j. Calculate the remainder when 30 is divided by n.
8
Let a(z) = z**2 + 13*z + 60. Calculate the remainder when a(-15) is divided by 19.
14
Let a(g) = g**3 - 4*g**2 + 3*g. Let f = 12 + -8. Calculate the remainder when (1/(-3))/(1/(-141)) is divided by a(f).
11
Let z(s) = -19*s**3 + s. What is the remainder when z(-1) is divided by 5?
3
Let p = -36 - -50. Let w = 2 - -1. Suppose -w*u = -8*u + 25. What is the remainder when p is divided by u?
4
Let k(l) = l**3 - 7*l**2 - 4*l - 3. Suppose -4*m - 188 + 228 = 0. What is the remainder when k(8) is divided by m?
9
Let x(r) = -21*r**3 - r**2. Let h(m) = -m + 9. Let k be h(7). Suppose -4*g = k*l - 5*g - 22, 4*l - 4*g = 44. What is the remainder when x(-1) is divided by l?
9
Calculate the remainder when 87 is divided by (0 - 26/5)*(-215)/86.
9
Let j(k) = k + 1. Let h be j(2). Suppose 20 - 5 = h*f. Suppose -f*g + 121 = 51. What is the remainder when g is divided by 5?
4
Let z(y) = y**2 + 5*y + 1. Suppose 17*a = 20*a - 21. What is the remainder when z(a) is divided by 22?
19
Let a = -32 + 51. Calculate the remainder when 29 is divided by a.
10
Suppose 5*c - 46 = -11. What is the remainder when 12 is divided by c?
5
Let s be (1 - -1)/(8/(-28)). Calculate the remainder when 21 is divided by (s/14)/((-2)/44).
10
What is the remainder when 118 is divided by 2/(-2) + (2 - -1 - -28)?
28
Suppose 0 = -2*k + 5*v - 6*v + 28, -5*k - 2*v = -68. What is the remainder when k is divided by 9?
3
Let q = 160 + -93. What is the remainder when q is divided by 14?
11
Suppose s - 804 = -5*f - s, 0 = 2*f + s - 321. Suppose 9*q = 3*q + f. What is the remainder when 104 is divided by q?
23
What is the remainder when 139 is divided by 1148/42 - -2*2/6?
27
Suppose 4*h = 8*h - 200. What is the remainder when h is divided by 13?
11
Suppose 2*l - 2 = d - 5*d, -l + 1 = -3*d. Let a(g) = 0*g**3 - 4*g**3 + 4 - g + 3*g**3 + 6. Calculate the remainder when a(d) is divided by 4.
2
Let y = 1 + 23. What is the remainder when 44 is divided by y?
20
Suppose -g = -2*n + 25, -3*g - n - 64 = -10. Let z = 2 - g. Calculate the remainder when z is divided by 8.
5
Let o be 1/(-3) - 1108/(-12). Suppose 5*m = 18 + o. Suppose -5*b + 75 = -3*f, 2*f - 38 = -3*b - b. What is the remainder when m is divided by b?
10
Let m(c) = c + 11. Let k be m(-11). Suppose k = 3*s - b - b - 75, -s + b = -26. Calculate the remainder when 43 is divided by s.
20
Suppose -x + 62 = 3*f, -x + 2*f = -5*x + 248. Calculate the remainder when x is divided by 24.
14
Let i = 0 - -4. Calculate the remainder when 23 is divided by i.
3
Suppose -2*a - 2*z + 17 + 7 = 0, 0 = -3*a - 5*z + 44. Calculate the remainder when 38 is divided by a.
6
Let h(g) = -6*g - 1. Let w = -327 + 367. What is the remainder when w is divided by h(-2)?
7
Let x = -29 + 33. What is the remainder when 9 is divided by x?
1
Suppose -6*d - 6*d = -240. Calculate the remainder when d is divided by (-2 - -1)*(-10 + -1).
9
Suppose 3*g - 3 - 6 = 0. Suppose -5*i + 77 = g*m, 4*m - 2*i = 3*i + 161. Suppose -q - 24 = -3*q. Calculate the remainder when m is divided by q.
10
Suppose 12*i - 162 = 3*i. Calculate the remainder when 49 is divided by i.
13
Suppose 0 = -4*z + 6 + 6. Calculate the remainder when z is divided by 1.
0
Let y(x) = 5*x**3 + 11*x**2 + 6*x + 4. Let p(m) = 4*m**3 + 10*m**2 + 7*m + 5. Let w(q) = -4*p(q) + 3*y(q). What is the remainder when w(-7) is divided by 21?
20
Let x(c) = c**3 + 12*c**2 - 15*c + 2. What is the remainder when 81 is divided by x(-13)?
25
Let x(f) = -f**2 + 2*f + 1. Let q be x(3). Let t(p) = -10*p - 1. Calculate the remainder when 56 is divided by t(q).
18
Suppose 0 = -8*v - 116 + 348. Calculate the remainder when 85 is divided by v.
27
Let p = 31 + -17. Calculate the remainder when p is divided by (-162)/(-21) - 6/(-21).
6
Suppose 0*i - 37 = i + 2*m, 0 = -4*i + 4*m - 100. Let o = -18 - i. Let v = -6 + o. Calculate the remainder when 14 is divided by v.
4
Let h(n) be the second derivative of 19*n**3/6 - 3*n**2/2 - 3*n. Let i be h(4). Suppose 0 = 4*u - i - 107. What is the remainder when u is divided by 12?
9
Suppose 8 = 3*c - 7. Suppose -2*t + 10 = 3*t. Calculate the remainder when c is divided by t.
1
Let i(u) = 5*u + 4. Suppose 2*x + 15 = 3*c + 189, -3*c = 3*x - 291. What is the remainder when x is divided by i(4)?
21
Let k(b) = -b**3 + 21*b**2 - 15*b - 4. What is the remainder when k(20) is divided by 3?
0
Suppose 15 = 3*k + 2*w, -3*k - 3 = -w - 3*w. Let s = 10 - k. Calculate the remainder when 18 is divided by s.
4
Let n = -12 - -21. Suppose 0 = -k + 2*k - n. Calculate the remainder when 15 is divided by k.
6
Let r = -15 + 37. Calculate the remainder when 107 is divided by r.
19
Let k = 27 + -7. Suppose -5*w = 4*p - 106, 0 = -4*p - 4*w + 3*w + 98. Let n = p - 17. Calculate the remainder when k is divided by n.
6
Suppose -3*r = -7*r + 64. Calculate the remainder when 1/7 + 1884/42 is divided by r.
13
Let g = 6 - 9. Calculate the remainder when (-2 - -3) + 0 - g is divided by (-1)/2*(-8 + 2).
1
Suppose -3*g + 6 = q, -3*g + 2 + 4 = -4*q. Suppose -5*y + 0 - 5 = q, -4*c - 3*y = -1. What is the remainder when 1 is divided by c?
0
Suppose y - 8 = 3*a, 5*y + 4*a = -0*a + 78. Calculate the remainder when 39 is divided by y.
11
Let r = 2 + 1. Calculate the remainder when ((8*-1)/1)/(-1) is divided by r.
2
Let i(s) = -25*s - 1. Let y = -7 - -9. Suppose -a - 3 = y*a. What is the remainder when i(a) is divided by 9?
6
Let z(u) = u**2 + 9*u + 7. Let w be z(-8). Calculate the remainder when 10 is divided by 0 - (w - -13)/(-3).
2
Let z = 1 + 10. Let p(s) be the first derivative of s**4/4 - s**3/3 - 2*s**2 - s + 1. Calculate the remainder when p(4) is divided by z.
9
Let u(a) = 4*a**2 - 4*a + 3. What is the remainder when u(1) is divided by 1?
0
Suppose 2*g - 34 = -j, 3*j = 2*g - 3*g + 77. Calculate the remainder when 141 is divided by j.
21
Let w(g) = -g**3 - 2*g**3 - 5*g**2 - 5 + 2*g**3 - 7*g. What is the remainder when w(-5) is divided by 16?
14
Let i = 3 + 15. What is the remainder when i is divided by 5?
3
Let q be (-20)/(-6) + (-2)/6. Suppose 2*u - q*b = 7*u + 13, 4 = -4*b. Let z = u + 3. Calculate the remainder when z is divided by 1.
0
Suppose -5*a + 7*a = 150. Calculate the remainder when a is divided